13*m**2 - 51*m + 115. What is l(13)?
-548
Let r(b) = 59*b**2 - 5*b - 18. Calculate r(-1).
46
Let o(m) = m**3 + 20*m**2 + 66*m + 538. Determine o(-18).
-2
Let i(d) = 169*d**3 - 1016*d**2 + 12*d + 6. Calculate i(6).
6
Let g(k) = 3*k**3 + 245*k**2 + 147*k - 1224. Calculate g(-81).
-9
Let i(o) = o**3 - 17*o**2 + 60*o + 32. Calculate i(8).
-64
Let f(y) = -1078*y + 7501. What is f(7)?
-45
Let u(h) = h**3 + 87*h**2 + 557*h - 253. What is u(-80)?
-13
Let b(p) = p**3 + 380*p**2 - 1537*p - 396. Calculate b(-384).
-12
Let q(i) = -267*i + 2965. Give q(11).
28
Let z(f) = -1493*f - 14968. What is z(-10)?
-38
Let w(p) = -p**3 - 27*p**2 - 49*p + 44. Determine w(-25).
19
Let w(n) = -6*n**2 - 40*n - 57. Determine w(-5).
-7
Let b(h) = -h**2 + 214. Determine b(-14).
18
Let d(h) = h**3 + 5*h**2 + 18905*h + 94530. What is d(-5)?
5
Let h(q) = 2865*q + 48703. Give h(-17).
-2
Let l(r) = 91*r - 2193. Give l(24).
-9
Let p(o) = 2218*o**2 - 15525*o - 3. Determine p(7).
4
Let h(g) = -g**3 + 27*g**2 - 88*g - 12. Determine h(4).
4
Let m(k) = -3*k**2 + 47*k + 13. Calculate m(18).
-113
Let g(c) = -c**2 + 44*c - 157. Give g(40).
3
Let j(u) = 2*u**2 - 185*u - 3720. Determine j(-17).
3
Let y(m) = m**3 - 4*m**2 + 74*m + 80. Determine y(-1).
1
Let j(g) = -11*g**2 - 2494*g - 1815. Determine j(-226).
-7
Let g(a) = -a**3 - 7*a**2 + 85*a + 7. Determine g(-13).
-84
Let r(n) = -391*n + 27744. What is r(71)?
-17
Let g(b) = -b**3 + 4*b**2 + 41*b - 45. What is g(7)?
95
Let f(v) = -24*v**2 + 192*v + 8. Calculate f(8).
8
Let f(d) = -d**3 + 18*d**2 - 52*d + 36. Calculate f(16).
-284
Let j(p) = 2*p**2 - 92*p + 22. Calculate j(35).
-748
Let a(t) = -3*t**3 + 108*t**2 - 104*t - 41. Give a(35).
-6
Let p(g) = g**2 + 17*g + 11. What is p(-15)?
-19
Let p(t) = -2*t**3 - 7*t**2 + 16*t + 75. Give p(-4).
27
Let d(k) = -4*k**2 - 16*k + 13. What is d(-8)?
-115
Let d(u) = -46*u - 4446. Give d(-97).
16
Let p(v) = -v**3 + 3*v**2 + 40*v + 8. Calculate p(8).
8
Let u(m) = -m**3 - 46*m**2 - 32*m + 590. Calculate u(-45).
5
Let i(d) = -1801*d - 25225. Determine i(-14).
-11
Let c(w) = w**3 + 11*w**2 + 7*w + 11. Calculate c(-11).
-66
Let u(v) = 10*v**3 - 126*v**2 + 6*v - 754. Determine u(13).
0
Let x(h) = -h**2 + 9*h - 47. Determine x(11).
-69
Let x(h) = h**2 + 15*h - 618. Give x(14).
-212
Let f(q) = -q**3 + 8*q**2 + 3*q + 32. Calculate f(10).
-138
Let d(p) = -p**3 + 4*p**2 + 18*p + 10. What is d(7)?
-11
Let j(m) = -48*m - 111. Determine j(4).
-303
Let f(i) = 2*i**2 - 103*i + 468. Determine f(5).
3
Let b(h) = h**3 + 32*h**2 - 164*h - 2063. Determine b(-35).
2
Let k(y) = 65*y**2 - 8*y + 2. What is k(1)?
59
Let s(y) = 23*y**2 + 26*y + 83. What is s(-3)?
212
Let l(r) = 18*r - 575. Calculate l(32).
1
Let k(v) = v**3 - 4*v**2 - 10*v + 29. Determine k(5).
4
Let q(k) = k**2 - 10*k + 19. Give q(10).
19
Let c(z) = 2420*z + 4860. What is c(-2)?
20
Let t(l) = -848*l - 7786. Determine t(-9).
-154
Let k(r) = -16*r**2 - 197*r + 135. Give k(-13).
-8
Let j(n) = n**2 - 8990*n + 62878. Determine j(7).
-3
Let q(g) = -46*g + 2663. Calculate q(58).
-5
Let x(p) = -184*p + 3171. Give x(17).
43
Let u(i) = i**3 + 10*i**2 - 57*i - 591. Give u(-11).
-85
Let o(z) = z**3 - 52*z**2 + 301*z - 15622. What is o(52)?
30
Let p(j) = -j**3 + 89*j**2 + 25*j - 2227. Give p(89).
-2
Let x(s) = 4*s**3 - 34*s**2 + 15*s - 3. Determine x(8).
-11
Let y(u) = u**3 + 86*u**2 + 1271*u - 138. Determine y(-67).
-4
Let u(k) = 69*k + 619. What is u(-9)?
-2
Let t(l) = 12*l**2 - 283*l + 203. Calculate t(23).
42
Let d(u) = -2*u**2 - 243*u + 770. Calculate d(-124).
150
Let w(l) = -22*l**2 + 235*l + 68. Determine w(11).
-9
Let h(d) = d**3 + 13*d**2 - 45*d - 146. What is h(-15)?
79
Let u(q) = 3*q**3 + 2*q**2 + 9*q + 18. What is u(-2)?
-16
Let c(s) = 5812*s + 23230. Calculate c(-4).
-18
Let w(r) = -10*r + 45. Give w(-11).
155
Let k(t) = 394*t + 1978. Determine k(-5).
8
Let k(y) = -3*y**2 + 47*y - 275. Give k(10).
-105
Let o(c) = c + 86. Give o(37).
123
Let x(s) = -s**3 + 3*s**2 + 36*s + 88. Give x(-3).
34
Let u(w) = -w**3 + 40*w**2 - 230*w + 875. Determine u(34).
-9
Let z(p) = 630*p - 100. Give z(0).
-100
Let o(t) = t**3 + 5*t**2 + 18*t - 33. Determine o(-10).
-713
Let x(g) = 190*g - 6248. Calculate x(34).
212
Let u(g) = 2*g**3 - 77*g**2 + 407*g + 291. Give u(32).
3
Let j(t) = -t**3 - 26*t**2 - 14*t - 92. Give j(-24).
-908
Let m(g) = -g**2 + 34*g + 45. What is m(36)?
-27
Let g(b) = 581*b - 83078. Determine g(143).
5
Let m(t) = 189*t - 1147. What is m(7)?
176
Let x(d) = d**2 + 6*d - 12095. What is x(-113)?
-4
Let b(f) = f**3 - 11*f**2 + 24*f - 16. Give b(8).
-16
Let j(b) = -2*b**2 + 177*b - 1137. What is j(7)?
4
Let s(m) = -5*m**3 - 14*m**2 - 25*m - 7. Calculate s(-2).
27
Let p(m) = 4*m**3 - 3*m**2 - 12*m + 11. Calculate p(2).
7
Let j(h) = 246*h**2 + 8861*h + 50. What is j(-36)?
-130
Let u(p) = -p**2 + 19*p - 24. Give u(17).
10
Let f(q) = 307*q**2 - 29*q - 3. What is f(1)?
275
Let g(l) = 2*l**3 + 107*l**2 + 159*l + 47. Give g(-52).
-109
Let u(w) = -48*w - 387. Give u(-8).
-3
Let f(g) = -218*g - 1478. Calculate f(-7).
48
Let r(d) = -36*d + 267. Give r(10).
-93
Let b(c) = -c**2 + 21*c - 53. Determine b(18).
1
Let k(s) = 3*s**2 - 9*s - 16. Calculate k(5).
14
Let h(f) = -228*f - 18518. What is h(-81)?
-50
Let q(b) = -185*b - 2039. Give q(-11).
-4
Let w(f) = f**2 - 151*f - 639. Give w(-4).
-19
Let c(d) = -4*d**3 + 20*d**2 - 2*d - 24. Determine c(6).
-180
Let j(y) = 85*y + 773. What is j(-9)?
8
Let t(y) = 38*y**3 + 2*y**2 + 4*y + 11. Determine t(-2).
-293
Let h(s) = -s**3 - 51*s**2 - 365*s + 2148. Give h(-14).
6
Let p(g) = 2*g**3 - 34*g**2 + 48*g - 264. Calculate p(16).
-8
Let m(s) = 3*s**3 - 95*s**2 - 31*s + 4. Calculate m(32).
36
Let r(p) = -p**2 - 31573*p + 347421. Give r(11).
-3
Let n(m) = -m**3 - 15*m**2 + 6*m - 208. What is n(-16)?
-48
Let d(a) = -2*a**3 - 78*a**2 - 79*a - 105. Calculate d(-38).
9
Let g(c) = 239*c + 5781. Give g(-23).
284
Let s(h) = -2*h - 134. What is s(-15)?
-104
Let t(u) = -34*u - 3686. Determine t(-106).
-82
Let d(c) = 2*c**3 - 54*c**2 - 52*c - 133. What is d(28)?
-21
Let c(l) = l**3 + 8*l**2 - 49*l - 268. Give c(-10).
22
Let r(w) = w**3 - w**2 + 50*w - 49. Determine r(1).
1
Let g(l) = 158*l + 302. Determine g(-2).
-14
Let w(d) = 12*d + 461. What is w(-39)?
-7
Let j(z) = -z + 60. Calculate j(55).
5
Let m(a) = -17*a**2 + 161*a + 472. What is m(-3)?
-164
Let o(w) = -w**3 - 172*w**2 + 1241*w + 98. Determine o(7).
14
Let f(b) = 72*b + 2279. Calculate f(-32).
-25
Let z(a) = 2*a**2 + 12*a + 4. Give z(-8).
36
Let l(b) = 29*b + 1499. What is l(-52)?
-9
Let w(h) = -h**3 - 79*h**2 - 78*h - 539. Calculate w(-78).
-539
Let i(d) = 4*d**3 - 75*d**2 - 22*d + 63. Determine i(19).
6
Let y(b) = b**3 - 13*b**2 + b + 237. Give y(7).
-50
Let u(o) = o**2 + 33*o + 248. Determine u(-11).
6
Let b(u) = -5*u**2 + 18*u - 10. Determine b(1).
3
Let y(h) = 3*h**3 - 33*h**2 + 17*h - 227. What is y(10)?
-357
Let l(i) = i**3 - 3*i**2 - 12*i + 33. Give l(4).
1
Let p(i) = -i**3 - 25*i**2 - 9*i - 917. Calculate p(-26).
-7
Let m(z) = 155*z + 2385. Give m(-16).
-95
Let u(f) = -2*f**2 + 22*f + 54. Calculate u(17).
-150
Let h(w) = -4*w**2 + 271*w - 4458. Determine h(28).
-6
Let u(a) = 426*a + 2121. Give u(-6).
-435
Let d(c) = 20*c**3 + c**2 + c. Give d(-2).
-158
Let z(g) = -15*g - 286. Calculate z(-29).
149
Let t(a) = 338*a - 749. What is t(4)?
603
Let z(w) = -w**2 + 9*w + 213. Determine z(-13).
-73
Let r(f) = -f**2 + 51*f + 45786. Calculate r(-190).
-4
Let m(g) = g**2 - 30*g - 1858. Calculate m(-31).
33
Let q(y) = -47*y - 298. Calculate q(-7).
31
Let c(a) = -a**2 - 105*a - 2542. Give c(-68).
-26
Let j(z) = 16*z**2 - 20*z - 23. Determine j(3).
61
Let x(h) = h**3 - 22*h**2 + 44*h + 9. Give x(19).
-238
Let c(b) = -b**2 + 1051*b + 7412. Calculate c(-7).
6
Let b(h) = 5*h**2 + 131*h + 23. Determine b(-26).
-3
Let b(l) = 2*l**3 + 26*l**2 + 81*l + 24. Give b(-5).
19
Let n(g) = -394*g + 2753. Calculate n(7).
-5
Let l(d) = -d**3 + 31*d**2 - 64*d + 416. Determine l(29).
242
Let b(q) = -3*q**3 + 58*q**2 + 41*q - 53. Determine b(20).
-33
Let t(d) = -161*d + 591. Determine t(4).
-53
Let m(q) = q**2 - 2*q - 1488. Determine m(38).
-120
Let g(v) = -62*v - 1587. What is g(-24)?
-99
Let p(n) = -5*n**2 - 58*n - 7. Calculate p(-7).
154
Let y(k) = 2*k**3 - 99*k**2 + 53*k - 192. Determine y(49).
4
Let t(h) = -4471*